{"id":3202,"date":"2018-06-04T19:15:43","date_gmt":"2018-06-04T18:15:43","guid":{"rendered":"http:\/\/www.westerwaldverein-daaden.de\/blog\/?page_id=3202"},"modified":"2018-06-04T19:15:43","modified_gmt":"2018-06-04T18:15:43","slug":"panoramaweg","status":"publish","type":"page","link":"http:\/\/www.westerwaldverein-daaden.de\/blog\/panoramaweg\/","title":{"rendered":"Panoramaweg"},"content":{"rendered":"<p>Der Daadener Panoramaweg ist ein meist ebener und ein leichter Weg, der mit vielen Ruheb\u00e4nken Wanderer und Spazierg\u00e4nger immer wieder zum Verweilen und zum Blick \u00fcber Daaden einladen soll. <a href=\"http:\/\/www.westerwaldverein-daaden.de\/blog\/wp-content\/uploads\/2009\/08\/schild_panoramaweg_daaden.jpg\" title=\"\" data-rel=\"lightbox-gallery-VijvXr3q\" data-rl_title=\"\" data-rl_caption=\"\">Markierungsschilder<\/a> mit dem f\u00fcr Daaden typischen Symbol der Barockkirche zeigen den Weg. So findet der Wanderer immer seine Route und erreicht nach ungef\u00e4hr 2 Stunden wieder den Ausgangspunkt. Der zirka 5 Kilometer lange Rundweg kann aber auch an einigen Stellen verlassen werden und man gelangt auf kurzem Weg wieder talw\u00e4rts zur Ortsmitte.<\/p>\n<p><!--more--><\/p>\n<div class=\"center\"><img src='http:\/\/www.westerwaldverein-daaden.de\/blog\/wp-content\/uploads\/2009\/08\/eroeffnung_panoramaweg.jpg' alt='eroeffnung_panoramaweg.jpg' \/><br \/><small>Blick vom Aussichtspunkt &#8222;Denkmal&#8220;<\/small><\/div>\n<p>Die f\u00fcnf Infotafeln, die an der Wegestrecke zusammen mit Ruheb\u00e4nken stehen, k\u00f6nnen sicher nur auszugsweise Auskunft \u00fcber viel Wissenswertes der vielf\u00e4ltigen und interessanten Daadener Geschichte geben. Trotzdem belegen die Ausf\u00fchrungen sehr deutlich zu erkennende bauliche Ver\u00e4nderungen und Erweiterungen im Ortsbild von Daaden. Insbesondere aber auch den Wandel im Gewerbe- und Industriebereich, der sich in den letzten Jahrzehnten vollzogen hat und das Ortsbild neu pr\u00e4gt.<br \/>\n<\/p>\n<p><a href='http:\/\/www.westerwaldverein-daaden.de\/blog\/wp-content\/uploads\/2009\/08\/panoramaweg.pdf' title='panoramaweg.pdf'>Download<\/a> der Brosch\u00fcre  (PDF-Datei ca. 1.3 MB)<\/p>\n","protected":false},"excerpt":{"rendered":"<p>Der Daadener Panoramaweg ist ein meist ebener und ein leichter Weg, der mit vielen Ruheb\u00e4nken Wanderer und Spazierg\u00e4nger immer wieder zum Verweilen und zum Blick \u00fcber Daaden einladen soll. Markierungsschilder mit dem f\u00fcr Daaden typischen Symbol der Barockkirche zeigen den Weg. So findet der Wanderer immer seine Route und erreicht nach ungef\u00e4hr 2 Stunden wieder [&hellip;]<\/p>\n","protected":false},"author":1,"featured_media":0,"parent":0,"menu_order":60,"comment_status":"closed","ping_status":"closed","template":"","meta":{"footnotes":""},"class_list":["post-3202","page","type-page","status-publish","hentry"],"_links":{"self":[{"href":"http:\/\/www.westerwaldverein-daaden.de\/blog\/wp-json\/wp\/v2\/pages\/3202","targetHints":{"allow":["GET"]}}],"collection":[{"href":"http:\/\/www.westerwaldverein-daaden.de\/blog\/wp-json\/wp\/v2\/pages"}],"about":[{"href":"http:\/\/www.westerwaldverein-daaden.de\/blog\/wp-json\/wp\/v2\/types\/page"}],"author":[{"embeddable":true,"href":"http:\/\/www.westerwaldverein-daaden.de\/blog\/wp-json\/wp\/v2\/users\/1"}],"replies":[{"embeddable":true,"href":"http:\/\/www.westerwaldverein-daaden.de\/blog\/wp-json\/wp\/v2\/comments?post=3202"}],"version-history":[{"count":1,"href":"http:\/\/www.westerwaldverein-daaden.de\/blog\/wp-json\/wp\/v2\/pages\/3202\/revisions"}],"predecessor-version":[{"id":3203,"href":"http:\/\/www.westerwaldverein-daaden.de\/blog\/wp-json\/wp\/v2\/pages\/3202\/revisions\/3203"}],"wp:attachment":[{"href":"http:\/\/www.westerwaldverein-daaden.de\/blog\/wp-json\/wp\/v2\/media?parent=3202"}],"curies":[{"name":"wp","href":"https:\/\/api.w.org\/{rel}","templated":true}]}}