{"id":760,"date":"2010-10-27T20:23:38","date_gmt":"2010-10-27T19:23:38","guid":{"rendered":"http:\/\/www.westerwaldverein-daaden.de\/blog\/"},"modified":"2025-12-21T12:02:55","modified_gmt":"2025-12-21T11:02:55","slug":"alte-wanderplane","status":"publish","type":"page","link":"http:\/\/www.westerwaldverein-daaden.de\/blog\/alte-wanderplane\/","title":{"rendered":"Alte Wanderpl\u00e4ne"},"content":{"rendered":"<p>Manchmal ist es doch noch interessant in den Wanderpl\u00e4nen der vergangenen Jahre zu st\u00f6bern. <\/p>\n<p>Aus diesem Grund haben wir sie auch nicht einfach gel\u00f6scht, sondern stellen sie hier weiterhin zum Abruf bereit:<\/p>\n<div class=\"center\" style=\"margin-top: 20px;\">\n<p><a href=\"http:\/\/www.westerwaldverein-daaden.de\/download\/wwv-daaden_wanderplan_2025.pdf\" title=\"Wanderplan f\u00fcr 2025\" target=\"_blank\" rel=\"noopener\"><img decoding=\"async\" src=\"http:\/\/www.westerwaldverein-daaden.de\/blog\/wp-content\/uploads\/2024\/12\/wanderplan_2025_ico.jpg\"\/><br \/>Wanderplan 2025<\/a><\/p>\n<p><a href=\"http:\/\/www.westerwaldverein-daaden.de\/download\/wwv-daaden_wanderplan_2024.pdf\" title=\"Wanderplan f\u00fcr 2024\" target=\"_blank\" rel=\"noopener\"><img decoding=\"async\" src=\"http:\/\/www.westerwaldverein-daaden.de\/blog\/wp-content\/uploads\/2023\/12\/wanderplan_2024_ico.jpg\"\/><br \/>Wanderplan 2024<\/a><\/p>\n<p><a href=\"http:\/\/www.westerwaldverein-daaden.de\/download\/wwv-daaden_wanderplan_2023.pdf\" title=\"Wanderplan f\u00fcr 2023\" target=\"_blank\" rel=\"noopener\"><img decoding=\"async\" src=\"http:\/\/www.westerwaldverein-daaden.de\/blog\/wp-content\/uploads\/2022\/12\/wanderplan_2023_ico.jpg\"\/><br \/>Wanderplan 2023<\/a><\/p>\n<p><a href=\"http:\/\/www.westerwaldverein-daaden.de\/download\/wwv-daaden_wanderplan_2022.pdf\" title=\"Wanderplan f\u00fcr 2022\" target=\"_blank\" rel=\"noopener\"><img decoding=\"async\" src=\"http:\/\/www.westerwaldverein-daaden.de\/blog\/wp-content\/uploads\/2022\/01\/wanderplan_2022_ico.jpg\"\/><br \/>Wanderplan 2022<\/a><\/p>\n<p><a href=\"http:\/\/www.westerwaldverein-daaden.de\/download\/wwv-daaden_wanderplan_2020.pdf\" title=\"Wanderplan f\u00fcr 2020\" target=\"_blank\" rel=\"noopener\"><img decoding=\"async\" src=\"http:\/\/www.westerwaldverein-daaden.de\/blog\/wp-content\/uploads\/2020\/01\/wanderplan_2020_ico.jpg\"\/><br \/>Wanderplan 2020<\/a><\/p>\n<p><a href=\"http:\/\/www.westerwaldverein-daaden.de\/download\/wwv-daaden_wanderplan_2019.pdf\" title=\"Wanderplan f\u00fcr 2019\" target=\"_blank\" rel=\"noopener\"><img decoding=\"async\" src=\"http:\/\/www.westerwaldverein-daaden.de\/blog\/wp-content\/uploads\/2018\/12\/wanderplan_2019_ico.jpg\"\/><br \/>Wanderplan 2019<\/a><\/p>\n<p><a href=\"http:\/\/www.westerwaldverein-daaden.de\/download\/wwv-daaden_wanderplan_2018.pdf\" title=\"Wanderplan f\u00fcr 2018\" target=\"_blank\" rel=\"noopener\"><img decoding=\"async\" src=\"http:\/\/www.westerwaldverein-daaden.de\/blog\/wp-content\/uploads\/2017\/12\/wanderplan_2018_ico.jpg\"\/><br \/>Wanderplan 2018<\/a><\/p>\n<p><a href=\"http:\/\/www.westerwaldverein-daaden.de\/download\/wwv-daaden_wanderplan_2017.pdf\" title=\"Wanderplan f\u00fcr 2017\" target=\"_blank\" rel=\"noopener\"><img decoding=\"async\" src=\"http:\/\/www.westerwaldverein-daaden.de\/blog\/wp-content\/uploads\/2010\/12\/wanderplan_2017_ico.jpg\"\/><br \/>Wanderplan 2017<\/a><\/p>\n<p><a href=\"http:\/\/www.westerwaldverein-daaden.de\/download\/wwv-daaden_wanderplan_2016.pdf\" title=\"Wanderplan 2016 des WWV Daaden\" target=\"_blank\" rel=\"noopener\"><img decoding=\"async\" src=\"http:\/\/www.westerwaldverein-daaden.de\/blog\/wp-content\/uploads\/2015\/12\/wanderplan_2016_ico.jpg\"\/><br \/>Wanderplan 2016<\/a><\/p>\n<p><a href=\"http:\/\/www.westerwaldverein-daaden.de\/download\/wwv-daaden_wanderplan_2015.pdf\" title=\"Wanderplan 2015 des WWV Daaden\" target=\"_blank\" rel=\"noopener\"><img decoding=\"async\" src=\"http:\/\/www.westerwaldverein-daaden.de\/blog\/wp-content\/uploads\/2015\/01\/wanderplan_2015_ico.jpg\"\/><br \/>Wanderplan 2015<\/a><\/p>\n<p><a href=\"http:\/\/www.westerwaldverein-daaden.de\/download\/wwv-daaden_wanderplan_2014.pdf\" title=\"Wanderplan 2014 des WWV Daaden\" target=\"_blank\" rel=\"noopener\"><img decoding=\"async\" src=\"http:\/\/www.westerwaldverein-daaden.de\/blog\/wp-content\/uploads\/2013\/12\/wanderplan_2014_ico.jpg\" alt=\"wanderplan_2014_ico\" \/><br \/>Wanderplan 2014<\/a><\/p>\n<p><a href=\"http:\/\/www.westerwaldverein-daaden.de\/download\/wwv-daaden_wanderplan_2013.pdf\" title=\"Wanderplan f\u00fcr 2013\" target=\"_blank\" rel=\"noopener\"><img decoding=\"async\" src=\"http:\/\/www.westerwaldverein-daaden.de\/blog\/wp-content\/wanderplan_2013_ico.jpg\"\/><br \/>Wanderplan 2013<\/a><\/p>\n<p><a href=\"http:\/\/www.westerwaldverein-daaden.de\/download\/wwv-daaden_wanderplan_2012.pdf\" title=\"Wanderplan f\u00fcr 2012\" target=\"_blank\" rel=\"noopener\"><img decoding=\"async\" src=\"http:\/\/www.westerwaldverein-daaden.de\/blog\/wp-content\/wanderplan_2012_ico.jpg\"\/><br \/>Wanderplan 2012<\/a><\/p>\n<p><a href='http:\/\/www.westerwaldverein-daaden.de\/blog\/wp-content\/uploads\/2010\/12\/wwv_daaden_wanderplan_2011.pdf' title='Wanderplan f\u00fcr 2011' target=\"_blank\" rel=\"noopener\"><img decoding=\"async\" src=\"http:\/\/www.westerwaldverein-daaden.de\/blog\/wp-content\/uploads\/2010\/12\/wanderplan_2011_ico.jpg\" alt=\"\"wanderplan_2011_ico.jpg\" \/><br \/>Wanderplan 2011<\/a><\/p>\n<p><a href='http:\/\/www.westerwaldverein-daaden.de\/blog\/wp-content\/uploads\/2009\/12\/wwv_daaden_wanderplan_2010.pdf' title='Wanderplan f\u00fcr 2010' target=\"_blank\" rel=\"noopener\"><img src='http:\/\/www.westerwaldverein-daaden.de\/blog\/wp-content\/uploads\/2009\/12\/wanderplan_2010_ico.jpg' alt='wanderplan_2010_ico.jpg' \/><br \/>Wanderplan 2010<\/a><\/p>\n<p><a href='http:\/\/www.westerwaldverein-daaden.de\/blog\/wp-content\/uploads\/2008\/12\/wwv-daaden-wanderplan-2009.pdf' title='Wanderplan f\u00fcr 2009' target=\"_blank\" rel=\"noopener\"><img src='http:\/\/www.westerwaldverein-daaden.de\/blog\/wp-content\/uploads\/2008\/12\/wanderplan_2009_ico.jpg' alt='wanderplan_2009_ico.jpg' \/><br \/>Wanderplan 2009<\/a><\/p>\n<p><a href=\"http:\/\/www.westerwaldverein-daaden.de\/blog\/alte-wanderplane\/wanderplan-2008\/\">Wanderplan 2008<\/a><\/p>\n<p><a href=\"http:\/\/www.westerwaldverein-daaden.de\/blog\/alte-wanderplane\/wanderplan-2007\/\">Wanderplan 2007<\/a><\/p>\n<p><a href=\"http:\/\/www.westerwaldverein-daaden.de\/blog\/alte-wanderplane\/wanderplan-2006\/\">Wanderplan 2006<\/a><\/p>\n<p><a href=\"http:\/\/www.westerwaldverein-daaden.de\/blog\/alte-wanderplane\/wanderplan-2005\/\">Wanderplan 2005<\/a><\/p>\n<\/div>\n","protected":false},"excerpt":{"rendered":"<p>Manchmal ist es doch noch interessant in den Wanderpl\u00e4nen der vergangenen Jahre zu st\u00f6bern. Aus diesem Grund haben wir sie auch nicht einfach gel\u00f6scht, sondern stellen sie hier weiterhin zum Abruf bereit: Wanderplan 2025 Wanderplan 2024 Wanderplan 2023 Wanderplan 2022 Wanderplan 2020 Wanderplan 2019 Wanderplan 2018 Wanderplan 2017 Wanderplan 2016 Wanderplan 2015 Wanderplan 2014 Wanderplan [&hellip;]<\/p>\n","protected":false},"author":1,"featured_media":0,"parent":0,"menu_order":37,"comment_status":"closed","ping_status":"closed","template":"","meta":{"footnotes":""},"class_list":["post-760","page","type-page","status-publish","hentry"],"_links":{"self":[{"href":"http:\/\/www.westerwaldverein-daaden.de\/blog\/wp-json\/wp\/v2\/pages\/760","targetHints":{"allow":["GET"]}}],"collection":[{"href":"http:\/\/www.westerwaldverein-daaden.de\/blog\/wp-json\/wp\/v2\/pages"}],"about":[{"href":"http:\/\/www.westerwaldverein-daaden.de\/blog\/wp-json\/wp\/v2\/types\/page"}],"author":[{"embeddable":true,"href":"http:\/\/www.westerwaldverein-daaden.de\/blog\/wp-json\/wp\/v2\/users\/1"}],"replies":[{"embeddable":true,"href":"http:\/\/www.westerwaldverein-daaden.de\/blog\/wp-json\/wp\/v2\/comments?post=760"}],"version-history":[{"count":3,"href":"http:\/\/www.westerwaldverein-daaden.de\/blog\/wp-json\/wp\/v2\/pages\/760\/revisions"}],"predecessor-version":[{"id":4447,"href":"http:\/\/www.westerwaldverein-daaden.de\/blog\/wp-json\/wp\/v2\/pages\/760\/revisions\/4447"}],"wp:attachment":[{"href":"http:\/\/www.westerwaldverein-daaden.de\/blog\/wp-json\/wp\/v2\/media?parent=760"}],"curies":[{"name":"wp","href":"https:\/\/api.w.org\/{rel}","templated":true}]}}

Alte Wanderpläne

<p>Manchmal ist es doch noch interessant in den Wanderplänen der vergangenen Jahre zu stöbern. </p>
<p>Aus diesem Grund haben wir sie auch nicht einfach gelöscht, sondern stellen sie hier weiterhin zum Abruf bereit:</p>
<div class="center" style="margin-top: 20px;">
<p><a href="http://www.westerwaldverein-daaden.de/download/wwv-daaden_wanderplan_2025.pdf" title="Wanderplan für 2025" target="_blank" rel="noopener"><img decoding="async" src="http://www.westerwaldverein-daaden.de/blog/wp-content/uploads/2024/12/wanderplan_2025_ico.jpg"/><br />Wanderplan 2025</a></p>
<p><a href="http://www.westerwaldverein-daaden.de/download/wwv-daaden_wanderplan_2024.pdf" title="Wanderplan für 2024" target="_blank" rel="noopener"><img decoding="async" src="http://www.westerwaldverein-daaden.de/blog/wp-content/uploads/2023/12/wanderplan_2024_ico.jpg"/><br />Wanderplan 2024</a></p>
<p><a href="http://www.westerwaldverein-daaden.de/download/wwv-daaden_wanderplan_2023.pdf" title="Wanderplan für 2023" target="_blank" rel="noopener"><img decoding="async" src="http://www.westerwaldverein-daaden.de/blog/wp-content/uploads/2022/12/wanderplan_2023_ico.jpg"/><br />Wanderplan 2023</a></p>
<p><a href="http://www.westerwaldverein-daaden.de/download/wwv-daaden_wanderplan_2022.pdf" title="Wanderplan für 2022" target="_blank" rel="noopener"><img decoding="async" src="http://www.westerwaldverein-daaden.de/blog/wp-content/uploads/2022/01/wanderplan_2022_ico.jpg"/><br />Wanderplan 2022</a></p>
<p><a href="http://www.westerwaldverein-daaden.de/download/wwv-daaden_wanderplan_2020.pdf" title="Wanderplan für 2020" target="_blank" rel="noopener"><img decoding="async" src="http://www.westerwaldverein-daaden.de/blog/wp-content/uploads/2020/01/wanderplan_2020_ico.jpg"/><br />Wanderplan 2020</a></p>
<p><a href="http://www.westerwaldverein-daaden.de/download/wwv-daaden_wanderplan_2019.pdf" title="Wanderplan für 2019" target="_blank" rel="noopener"><img decoding="async" src="http://www.westerwaldverein-daaden.de/blog/wp-content/uploads/2018/12/wanderplan_2019_ico.jpg"/><br />Wanderplan 2019</a></p>
<p><a href="http://www.westerwaldverein-daaden.de/download/wwv-daaden_wanderplan_2018.pdf" title="Wanderplan für 2018" target="_blank" rel="noopener"><img decoding="async" src="http://www.westerwaldverein-daaden.de/blog/wp-content/uploads/2017/12/wanderplan_2018_ico.jpg"/><br />Wanderplan 2018</a></p>
<p><a href="http://www.westerwaldverein-daaden.de/download/wwv-daaden_wanderplan_2017.pdf" title="Wanderplan für 2017" target="_blank" rel="noopener"><img decoding="async" src="http://www.westerwaldverein-daaden.de/blog/wp-content/uploads/2010/12/wanderplan_2017_ico.jpg"/><br />Wanderplan 2017</a></p>
<p><a href="http://www.westerwaldverein-daaden.de/download/wwv-daaden_wanderplan_2016.pdf" title="Wanderplan 2016 des WWV Daaden" target="_blank" rel="noopener"><img decoding="async" src="http://www.westerwaldverein-daaden.de/blog/wp-content/uploads/2015/12/wanderplan_2016_ico.jpg"/><br />Wanderplan 2016</a></p>
<p><a href="http://www.westerwaldverein-daaden.de/download/wwv-daaden_wanderplan_2015.pdf" title="Wanderplan 2015 des WWV Daaden" target="_blank" rel="noopener"><img decoding="async" src="http://www.westerwaldverein-daaden.de/blog/wp-content/uploads/2015/01/wanderplan_2015_ico.jpg"/><br />Wanderplan 2015</a></p>
<p><a href="http://www.westerwaldverein-daaden.de/download/wwv-daaden_wanderplan_2014.pdf" title="Wanderplan 2014 des WWV Daaden" target="_blank" rel="noopener"><img decoding="async" src="http://www.westerwaldverein-daaden.de/blog/wp-content/uploads/2013/12/wanderplan_2014_ico.jpg" alt="wanderplan_2014_ico" /><br />Wanderplan 2014</a></p>
<p><a href="http://www.westerwaldverein-daaden.de/download/wwv-daaden_wanderplan_2013.pdf" title="Wanderplan für 2013" target="_blank" rel="noopener"><img decoding="async" src="http://www.westerwaldverein-daaden.de/blog/wp-content/wanderplan_2013_ico.jpg"/><br />Wanderplan 2013</a></p>
<p><a href="http://www.westerwaldverein-daaden.de/download/wwv-daaden_wanderplan_2012.pdf" title="Wanderplan für 2012" target="_blank" rel="noopener"><img decoding="async" src="http://www.westerwaldverein-daaden.de/blog/wp-content/wanderplan_2012_ico.jpg"/><br />Wanderplan 2012</a></p>
<p><a href='http://www.westerwaldverein-daaden.de/blog/wp-content/uploads/2010/12/wwv_daaden_wanderplan_2011.pdf' title='Wanderplan für 2011' target="_blank" rel="noopener"><img decoding="async" src="http://www.westerwaldverein-daaden.de/blog/wp-content/uploads/2010/12/wanderplan_2011_ico.jpg" alt=""wanderplan_2011_ico.jpg" /><br />Wanderplan 2011</a></p>
<p><a href='http://www.westerwaldverein-daaden.de/blog/wp-content/uploads/2009/12/wwv_daaden_wanderplan_2010.pdf' title='Wanderplan für 2010' target="_blank" rel="noopener"><img src='http://www.westerwaldverein-daaden.de/blog/wp-content/uploads/2009/12/wanderplan_2010_ico.jpg' alt='wanderplan_2010_ico.jpg' /><br />Wanderplan 2010</a></p>
<p><a href='http://www.westerwaldverein-daaden.de/blog/wp-content/uploads/2008/12/wwv-daaden-wanderplan-2009.pdf' title='Wanderplan für 2009' target="_blank" rel="noopener"><img src='http://www.westerwaldverein-daaden.de/blog/wp-content/uploads/2008/12/wanderplan_2009_ico.jpg' alt='wanderplan_2009_ico.jpg' /><br />Wanderplan 2009</a></p>
<p><a href="http://www.westerwaldverein-daaden.de/blog/alte-wanderplane/wanderplan-2008/">Wanderplan 2008</a></p>
<p><a href="http://www.westerwaldverein-daaden.de/blog/alte-wanderplane/wanderplan-2007/">Wanderplan 2007</a></p>
<p><a href="http://www.westerwaldverein-daaden.de/blog/alte-wanderplane/wanderplan-2006/">Wanderplan 2006</a></p>
<p><a href="http://www.westerwaldverein-daaden.de/blog/alte-wanderplane/wanderplan-2005/">Wanderplan 2005</a></p>
</div>

<p>Manchmal ist es doch noch interessant in den Wanderplänen der vergangenen Jahre zu stöbern. Aus diesem Grund haben wir sie auch nicht einfach gelöscht, sondern stellen sie hier weiterhin zum Abruf bereit: Wanderplan 2025 Wanderplan 2024 Wanderplan 2023 Wanderplan 2022 Wanderplan 2020 Wanderplan 2019 Wanderplan 2018 Wanderplan 2017 Wanderplan 2016 Wanderplan 2015 Wanderplan 2014 Wanderplan [&hellip;]</p>
